c - 5*c + 322. Calculate the greatest common factor of j and v.
10
Let w be 88/(-6) + (-4)/(-6). Let u = w - -26. Let b = 126 + -122. Calculate the greatest common divisor of b and u.
4
Let n(x) = x**2 + 2*x - 5. Let l be n(-5). Suppose -3*y = -18 - 117. Suppose 2*w + 2 = 12, -5*q + w = -y. What is the highest common divisor of l and q?
10
Suppose -9*n = -5*n - 12. Suppose 4*t = -n*t + 28. Let k be ((-24)/9)/4*-3. What is the highest common divisor of k and t?
2
Suppose 0 = 244*d - 247*d + 300. Calculate the highest common divisor of 60 and d.
20
Suppose 2*k = 4*f + 8, -k - 4*f = -2*k. Calculate the highest common factor of k and 152.
8
Suppose 72 = 4*b + 2*x - 478, -3*x = 5*b - 685. Calculate the greatest common divisor of b and 224.
28
Suppose -3081 = -12*b - b. What is the greatest common factor of b and 79?
79
Let l be ((-252)/18 - -11)*19*(-3)/9. Let w = 1 - 0. Calculate the greatest common factor of l and w.
1
Suppose 0 = -4*t + 2*w - 4 + 82, 2*t - 21 = -5*w. What is the highest common divisor of t and 135?
9
Suppose 0 = 384*k - 382*k - 198. Calculate the greatest common divisor of 22 and k.
11
Let a(j) = 20*j - 3. Let f be a(4). Let l(h) = -h**3 + 30*h**2 + 31*h + 11. Let q be l(31). Calculate the highest common divisor of f and q.
11
Let f be (-7 - (0 + -2))/((-10)/590). Let t be 1 + 4/(2 + 0). Suppose 5*z = 5*x + f, -z - 5*x = -t*z + 130. What is the greatest common factor of z and 22?
11
Suppose -34*w + 40*w - 90 = 0. What is the greatest common factor of 10 and w?
5
Let c(u) = -2*u + 5. Let y be (-4 - 2)*(-49)/42. Let w = y + -12. Let h be c(w). Calculate the greatest common divisor of 135 and h.
15
Let h = 7 + -11. Suppose -33*y + 30*y - 9 = 0. Let x be y/h + (-90)/(-8). Calculate the highest common factor of 12 and x.
12
Suppose 0 = 3*q - 45 - 30. Let b = q - -255. Calculate the highest common divisor of 35 and b.
35
Suppose 38 = 2*h - 2*c, -4*h - 5*c + 7*c = -80. Let j be (11/(-1))/(((-11)/h)/11). Calculate the greatest common divisor of j and 33.
33
Let w = -44 - -58. Let l be (738/w - 1) + 4/14. Calculate the highest common divisor of 52 and l.
52
Suppose 4*s - 208 + 0 = 0. What is the highest common factor of s and 260?
52
Suppose -j + q + 292 = 0, q + 0*q = 6*j - 1732. Calculate the greatest common divisor of j and 81.
9
Let f = 179 - -479. Let v = f - 469. Let y be 6/(-42) + ((-444)/21)/(-1). What is the highest common divisor of y and v?
21
Let v be ((-346)/18 - -19)*(-56 - -2). Suppose 4*x + 4*y - 68 = 3*x, -2*y = 4*x - 328. Calculate the highest common divisor of v and x.
12
Let o = 51 + -31. Let q be 5/(o/8) + 9. Calculate the greatest common divisor of 1 and q.
1
Let n(d) = -d**3 + 40*d**2 + 43*d - 52. Let t be n(41). Calculate the highest common divisor of t and 110.
10
Suppose 5*f = 44 + 31. Let b = f - 5. What is the highest common factor of b and 2?
2
Let q be (-6)/((-3)/207*3). Calculate the greatest common divisor of q and 1518.
138
Let w(a) = 4*a**3 - 23*a**2 - 11. Let s be w(7). Let l(z) = 7*z - 3. Let h be l(3). Calculate the highest common factor of h and s.
18
Let f(n) = 5*n**2 - 10*n - 71. Let y be f(-9). Calculate the highest common divisor of y and 53.
53
Let f be (2/6)/((-8)/(-24)). Let n = -2 + 10. What is the highest common factor of n and f?
1
Let q = 614 - 313. Let x = q - 116. Calculate the highest common factor of x and 74.
37
Suppose 0*g - 490 = -2*g. Suppose 5*b - 3*n - 220 = -2*n, -4*n = 5*b - g. Calculate the highest common factor of b and 15.
15
Suppose -5*x + 230 = -244*g + 246*g, 2*x - 224 = -2*g. Calculate the greatest common factor of g and 704.
22
Suppose -76*h + 9*h = -148874. What is the highest common factor of 22 and h?
22
Suppose 0 = 2*u - 3*d + 1, 0 = -u - 2*u + 2*d + 11. What is the highest common divisor of u and 112?
7
Suppose q - 2*r = 280, -4*q - 19 = 3*r - 1117. Suppose -185 = -2*s - 3*j, -j - 2*j - 115 = -s. Let d = q - s. Calculate the greatest common divisor of d and 16.
16
Let n(h) = 5*h**2 + h + 15. Let m be n(4). What is the greatest common factor of m and 9?
9
Let t be (-10 - 1)/(1/2). Let j be -1*(t - -2)/2. What is the greatest common factor of j and 2?
2
Suppose 15*g - 39*g + 624 = 0. What is the highest common divisor of g and 169?
13
Let v(h) = h**2 - 11*h - 61. Let j be v(18). Calculate the greatest common divisor of j and 156.
13
Let t = -79 - -226. What is the greatest common factor of 3 and t?
3
Let j be ((-98)/2 + -2)/(-1). Let r = 14 + -11. Suppose r*l + 15 = j. What is the highest common divisor of 12 and l?
12
Let d be (146/(-6))/(4 + (-65)/15). Calculate the greatest common divisor of d and 949.
73
Suppose 0 = -3*s, -1468 = -5*z + 2*s + 547. Calculate the greatest common divisor of z and 26.
13
Let q be 28*5 + 0/((-3)/(-1)). Suppose t = -t + 162. Suppose 4*d - t = -1. Calculate the greatest common divisor of d and q.
20
Let s be 6/(-21) + (-10790)/(-35). What is the highest common divisor of s and 28?
28
Let z(k) = 62*k + 4. Let v(i) = i - 1. Let q(w) = v(w) - z(w). Let n be q(-2). What is the highest common factor of n and 13?
13
Let r = 138 - 126. What is the highest common factor of r and 3?
3
Suppose 0 = 5*m - 3*h - 51, m = -4*h - 0 + 1. Suppose 3*t = -t + 144. Calculate the greatest common divisor of t and m.
9
Suppose 22*r - 372 = 1278. What is the highest common divisor of 75 and r?
75
Suppose 2*y = -3*v + 196, -4*v + 424 = -3*y + 140. What is the greatest common factor of v and 748?
68
Let u(m) = 22*m + 308. Let j be u(-12). What is the highest common divisor of 32 and j?
4
Let n(t) = -t**3 + 8*t**2 + 10*t - 6. Let j = 42 + -33. Let i be n(j). What is the highest common factor of 24 and i?
3
Let z(b) be the second derivative of -7/6*b**3 - 5/2*b**2 + 0 + 3*b. Let j be z(-2). What is the highest common factor of j and 9?
9
Suppose 4*n + 71 + 23 = 2*j, -4*j - n = -197. Suppose 0 = -t + 6*t - 35. What is the highest common divisor of t and j?
7
Let h(f) = f**3 - f**2 + f + 13. Let z = -3 - -5. Suppose z*g = 4*g. Let q be h(g). What is the highest common divisor of q and 26?
13
Suppose 3*d - 5*m = 985, -29*d + 620 = -27*d + 4*m. Calculate the greatest common divisor of 128 and d.
64
Let g(l) = 75*l - 80. Let z be g(3). Calculate the greatest common factor of z and 5.
5
Let b(c) = -2*c + 41. Let m be b(3). Calculate the highest common divisor of m and 130.
5
Suppose 0 = -p - 0 + 3. Let k(w) = -w**3 + 14*w**2 - 14*w + 18. Let l be k(13). Let b = l + p. Calculate the greatest common factor of 64 and b.
8
Suppose 21*j - 1204 - 3332 = 0. Calculate the greatest common divisor of 192 and j.
24
Let u be (126/315)/(1*1/670). What is the greatest common factor of 8 and u?
4
Suppose -w = -4*g - 19, 4*w - 112 = 69*g - 65*g. Calculate the highest common factor of w and 31.
31
Let b = 191 + -104. Suppose 5*a = 2*g - 63, 0 = -4*g - 2*a - a + b. What is the highest common factor of g and 60?
12
Let d = 116 - 28. Suppose 54*p = 51*p + 33. Calculate the greatest common factor of p and d.
11
Let s = 53 + -53. Suppose 95 = 5*r - c, -r + 19 = 2*c - s*c. What is the greatest common factor of 19 and r?
19
Suppose 2*q - 27 = 13. Let r be (-5 + 2 + 0)*(-10)/15. Suppose 3*f - 5*w - 635 = 0, 3*f - 655 = -r*w + 3*w. What is the highest common divisor of f and q?
20
Let f = -463 - -518. What is the greatest common factor of 15 and f?
5
Let g(l) = -l**3 + 9*l**2 - l + 13. Let k be g(9). Let r(i) = -i**3 + 7*i**2 + i - 1. Let s be r(k). What is the greatest common factor of s and 17?
17
Let w = 6 - 2. Suppose -w*a = -31 - 89. Let f = a - 16. What is the greatest common factor of 2 and f?
2
Let z = -80 + 170. Calculate the highest common factor of 40 and z.
10
Let u(v) = v**3 + 7*v**2 - 71*v + 15. Let a be u(6). Calculate the highest common divisor of a and 513.
57
Let d be 2 + (1 - -2)/3. Suppose 0*r + 41 = d*r + 5*q, 3*r - 5*q - 1 = 0. Calculate the highest common factor of r and 56.
7
Let t(h) be the first derivative of -h**4/4 - h**2/2 - 4*h + 8. Let w be t(0). Let l be (-8)/w - -2 - -51. What is the greatest common divisor of 22 and l?
11
Let h(x) = -x**3 - 13*x**2 - 2*x - 16. Let d be h(-13). Let s = 13 + 27. What is the greatest common divisor of d and s?
10
Let o(w) = w**2 + 2*w + 4. Let y be o(0). Let s(m) = -32*m + 9. Let i be s(y). Let k = 207 + i. Calculate the highes